?
True
Is 15 a factor of 9354?
False
Is 87520 a multiple of 14?
False
Is 124978 a multiple of 10?
False
Is 630 a multiple of 30?
True
Does 10 divide 430?
True
Does 179 divide 31683?
True
Does 7 divide 714?
True
Is 13230 a multiple of 18?
True
Is 136 a factor of 82552?
True
Does 92 divide 2667?
False
Does 62 divide 10354?
True
Is 12 a factor of 4774?
False
Is 9 a factor of 1602?
True
Is 14751 a multiple of 23?
False
Is 10 a factor of 9570?
True
Does 86 divide 2748?
False
Does 52 divide 3702?
False
Does 24 divide 170?
False
Is 162 a factor of 25272?
True
Is 59 a factor of 1319?
False
Is 14 a factor of 1526?
True
Is 10627 a multiple of 14?
False
Is 1742 a multiple of 67?
True
Is 141 a factor of 11955?
False
Is 8602 a multiple of 25?
False
Is 75 a factor of 1800?
True
Does 6 divide 5634?
True
Is 15145 a multiple of 136?
False
Does 4 divide 6648?
True
Is 11638 a multiple of 22?
True
Is 10 a factor of 8884?
False
Is 62 a factor of 105603?
False
Does 114 divide 10602?
True
Is 7 a factor of 9888?
False
Is 2482 a multiple of 17?
True
Does 58 divide 17749?
False
Is 48 a factor of 1536?
True
Is 7635 a multiple of 4?
False
Does 35 divide 5775?
True
Is 59 a multiple of 6?
False
Is 8 a factor of 9144?
True
Is 11 a factor of 5390?
True
Does 11 divide 6314?
True
Does 15 divide 49575?
True
Is 12 a factor of 750?
False
Does 3 divide 2993?
False
Does 26 divide 13468?
True
Is 24045 a multiple of 35?
True
Does 19 divide 1160?
False
Is 5 a factor of 15130?
True
Is 80030 a multiple of 265?
True
Is 6 a factor of 66?
True
Does 132 divide 258?
False
Is 17784 a multiple of 156?
True
Is 976 a multiple of 8?
True
Is 21877 a multiple of 167?
True
Does 130 divide 7596?
False
Is 101 a multiple of 23?
False
Does 11 divide 187?
True
Is 16 a factor of 5168?
True
Is 6104 a multiple of 218?
True
Is 35 a factor of 6600?
False
Is 93 a multiple of 31?
True
Does 74 divide 1065?
False
Is 123 a factor of 15335?
False
Is 10 a factor of 2750?
True
Does 39 divide 632?
False
Does 133 divide 931?
True
Is 52 a factor of 3543?
False
Is 34 a factor of 816?
True
Does 3 divide 332?
False
Does 10 divide 930?
True
Does 11 divide 18778?
False
Is 5316 a multiple of 20?
False
Is 13 a factor of 2405?
True
Is 11 a factor of 13046?
True
Is 1827 a multiple of 63?
True
Does 4 divide 5?
False
Is 187 a factor of 6947?
False
Does 15 divide 585?
True
Is 15 a multiple of 5?
True
Is 25 a factor of 1225?
True
Is 16 a factor of 19742?
False
Is 11 a factor of 1215?
False
Is 67 a factor of 1186?
False
Is 241 a factor of 107004?
True
Does 4 divide 266?
False
Is 12 a factor of 1692?
True
Does 122 divide 8174?
True
Is 73 a factor of 2870?
False
Does 32 divide 3673?
False
Is 77 a multiple of 15?
False
Is 74 a factor of 4144?
True
Is 15483 a multiple of 62?
False
Is 67 a multiple of 8?
False
Is 41 a factor of 28126?
True
Is 9 a factor of 17472?
False
Is 1518 a multiple of 17?
False
Is 672 a multiple of 21?
True
Is 6 a factor of 1530?
True
Does 41 divide 4395?
False
Is 55581 a multiple of 125?
False
Is 3 a factor of 82?
False
Is 586 a multiple of 4?
False
Does 205 divide 11890?
True
Is 25 a factor of 225?
True
Is 81 a factor of 3969?
True
Is 1147 a multiple of 18?
False
Does 93 divide 6837?
False
Is 11 a factor of 663?
False
Is 275 a factor of 134777?
False
Does 81 divide 48112?
False
Is 16 a factor of 173?
False
Is 30 a factor of 25756?
False
Is 35938 a multiple of 34?
True
Does 43 divide 1247?
True
Is 14 a factor of 218?
False
Does 46 divide 1523?
False
Does 57 divide 15404?
False
Is 16 a factor of 4920?
False
Is 2 a factor of 341?
False
Is 18 a factor of 4811?
False
Does 16 divide 14831?
False
Is 4509 a multiple of 6?
False
Does 26 divide 5018?
True
Does 8 divide 53?
False
Does 31 divide 27962?
True
Does 4 divide 14?
False
Is 7 a factor of 7014?
True
Does 35 divide 4018?
False
Does 109 divide 9374?
True
Is 10 a factor of 760?
True
Is 7 a factor of 83?
False
Does 2 divide 381?
False
Does 7 divide 6963?
False
Does 10 divide 210?
True
Is 21 a factor of 105?
True
Does 13 divide 37193?
True
Is 22350 a multiple of 25?
True
Is 96 a factor of 12976?
False
Is 1162 a multiple of 83?
True
Is 16090 a multiple of 94?
False
Is 336 a multiple of 11?
False
Is 2432 a multiple of 112?
False
Is 3487 a multiple of 11?
True
Is 3 a factor of 24?
True
Is 62 a factor of 4154?
True
Is 2 a factor of 103?
False
Is 68 a factor of 4896?
True
Does 16 divide 15801?
False
Is 351 a multiple of 13?
True
Is 684 a multiple of 9?
True
Is 20394 a multiple of 11?
True
Is 28 a factor of 420?
True
Does 5 divide 400?
True
Does 15 divide 6334?
False
Is 1683 a multiple of 33?
True
Is 5498 a multiple of 24?
False
Is 16885 a multiple of 42?
False
Is 50380 a multiple of 44?
True
Is 18777 a multiple of 4?
False
Does 9 divide 57348?
True
Is 13 a factor of 2093?
True
Is 90 a factor of 6371?
False
Is 3 a factor of 1047?
True
Is 22 a factor of 484?
True
Is 12 a factor of 447?
False
Is 46 a factor of 32136?
False
Is 1468 a multiple of 2?
True
Does 13 divide 559?
True
Is 6460 a multiple of 17?
True
Is 19 a factor of 8868?
False
Is 32 a factor of 5605?
False
Is 6522 a multiple of 5?
False
Is 1388 a multiple of 55?
False
Does 151 divide 2905?
False
Does 11 divide 817?
False
Does 3 divide 2987?
False
Is 3 a factor of 439?
False
Is 51 a factor of 459?
True
Does 75 divide 20625?
True
Is 2868 a multiple of 5?
False
Is 6 a factor of 108?
True
Is 481 a multiple of 2?
False
Is 7 a factor of 13064?
False
Is 198 a multiple of 22?
True
Is 7 a factor of 1437?
False
Is 1951 even?
False
Is 4422 a multiple of 5?
False
Is 823 a multiple of 63?
False
Is 165 a multiple of 4?
False
Does 69 divide 8662?
False
Does 77 divide 12592?
False
Is 54 a factor of 440?
False
Is 2 a factor of 2?
True
Is 30 a multiple of 10?
True
Does 84 divide 7728?
True
Is 1477 a multiple of 13?
False
Is 180 a factor of 20700?
True
Does 9 divide 54?
True
Is 24 a factor of 1368?
True
Is 101 a factor of 3535?
True
Does 3 divide 600?
True
Does 23 divide 5903?
False
Is 13 a factor of 727?
False
Does 8 divide 28945?
False
Is 12949 a multiple of 59?
False
Does 63 divide 1764?
True
Is 4436 a multiple of 3?
False
Does 47 divide 42770?
True
Does 36 divide 396?
True
Does 19 divide 9238?
False
Does 6 divide 12?
True
Is 14 even?
True
Is 8132 a multiple of 214?
True
Is 1103 a multiple of 13?
False
Is 30 a factor of 302?
False
Does 3 divide 504?
True
Is 30 a factor of 720?
True
Is 28545 a multiple of 2?
False
Does 13 divide 182?
True
Is 558 a multiple of 31?
True
Does 11 divide 671?
True
Does 5 divide 495?
True
Is 40 a factor of 3951?
False
Is 7983 a multiple of 80?
False
Is 64 a factor of 24960?
True
Is 251 even?
False
Is 26 a factor of 72854?
False
Is 52947 a multiple of 53?
True
Is 208 a multiple of 16?
True
Is 29 a multiple of 10?
False
Does 39 divide 203?
False
Is 3264 a multiple of 102?
True
Is 13 a factor of 140?
False
Does 25 divide 925?
True
Does 19 divide 12923?
False
Is 1440 a multiple of 38?
False
Does 50 divide 10995?
False
Does 7 divide 222?
False
Is 5 a factor of 1544?
False
Is 3 a factor of 13274?
False
Is 604 a multiple of 7?
False
Is 9 a factor of 504?
True
Is 2395 a multiple of 11?
False
Is 213 a multiple of 8?
False
Does 3 divide 259?
False
Does 31 divide 50313?
True
Does 96 divide 4416?
True
Does 18 divide 108?
True
Is 76 a factor of 37088?
True
Is 60 a factor of 34815?
False
Is 22 a factor of 24860?
True
Is 526 a multiple of 37?
False
Is 1954 a multiple of 210?
False
Is 6188 a multiple of 91?
True
Is 1548 a multiple of 129?
True
Does 12 divide 1965?
False
Is 20 a factor of 3013?
False
Is 68 a factor of 7568?
False
Is 452 a multiple of 2?
True
Is 71 a multiple of 12?
False
Is 20172 a multiple of 41?
True
Is 117 a factor of 7510?
False
Is 2783 a multiple of 23?
True
Is 343 a multiple of 7?
True
Does 23 divide 10166?
True
Is 23 a factor of 2300?
True
Does 60 divide 6393?
False
Is 21 a factor of 1533?
True
Is 14 a factor of 1619?
False
Is 11446 a multiple of 16?
False
Does 12 divide 1161?
False
Is 309 a multiple of 52?
False
Is 38 a factor of 829?
False
Is 13 a factor of 6084?
True
Is 384 a multiple of 32?
True
Does 11 divide 237?
False
Does 4 divide 1058?
False
Is 330 a multiple of 15?
True
Is 4450 a multiple of 48?
False
Is 1792 a multiple of 28?
True
Is 630 a multiple of 35?
True
Is 5 a factor of 1235?
Tru